{"id":1161,"date":"2023-06-23T13:46:17","date_gmt":"2023-06-23T13:46:17","guid":{"rendered":"https:\/\/salfai.com\/?page_id=1161"},"modified":"2023-06-23T15:56:41","modified_gmt":"2023-06-23T15:56:41","slug":"sobre-nos","status":"publish","type":"page","link":"https:\/\/salfai.com\/?page_id=1161","title":{"rendered":"SOBRE N\u00d3S"},"content":{"rendered":"\n<p class=\"has-text-align-center has-black-color has-text-color\"><\/p>\n\n\n\n<p class=\"has-text-align-left has-black-color has-text-color\"><strong><em>QUEM SOMOS?<\/em><\/strong><\/p>\n\n\n\n<p class=\"has-black-color has-text-color\">Equipa com v\u00e1rios anos de experi\u00eancia na \u00e1rea da Constru\u00e7\u00e3o Civil, Administra\u00e7\u00e3o de Condom\u00ednios, Media\u00e7\u00e3o Imobili\u00e1ria e gest\u00e3o de arrendamentos que se apresenta atrav\u00e9s de profissionais rigorosos e competentes, que tem como principal \u00c1rea de a\u00e7\u00e3o a zona de Aveiro.<\/p>\n\n\n\n<p class=\"has-black-color has-text-color\"><strong>MISS\u00c3O<\/strong><\/p>\n\n\n\n<p class=\"has-black-color has-text-color\">Empenho no cuidado e rigor da oferta ao cliente e procura de solu\u00e7\u00f5es personalizadas e \u00e0 medida das suas necessidades, no que diz respeito \u00e0 administra\u00e7\u00e3o de condom\u00ednios, \u00e0 gest\u00e3o de arrendamentos e \u00e0 media\u00e7\u00e3o imobili\u00e1ria.<\/p>\n\n\n\n<p class=\"has-black-color has-text-color\"><strong>VIS\u00c3O<\/strong><\/p>\n\n\n\n<p class=\"has-black-color has-text-color\">A Salfai procura estar entre os melhores a atingir um estatuto de refer\u00eancia relativamente \u00e0 Administra\u00e7\u00e3o de Condom\u00ednios e \u00e0 gest\u00e3o de arrendamentos, no distrito de Aveiro.<\/p>\n","protected":false},"excerpt":{"rendered":"<p>QUEM SOMOS? Equipa com v\u00e1rios anos de experi\u00eancia na \u00e1rea da Constru\u00e7\u00e3o Civil, Administra\u00e7\u00e3o de Condom\u00ednios, Media\u00e7\u00e3o Imobili\u00e1ria e gest\u00e3o de arrendamentos que se apresenta atrav\u00e9s de profissionais rigorosos e competentes, que tem como principal \u00c1rea de a\u00e7\u00e3o a zona de Aveiro. MISS\u00c3O Empenho no cuidado e rigor da oferta ao cliente e procura de &hellip; <a href=\"https:\/\/salfai.com\/?page_id=1161\" class=\"more-link\">Continue reading <span class=\"screen-reader-text\">SOBRE N\u00d3S<\/span><\/a><\/p>\n","protected":false},"author":1,"featured_media":0,"parent":0,"menu_order":0,"comment_status":"closed","ping_status":"closed","template":"templates\/full-width-page.php","meta":{"om_disable_all_campaigns":false,"_mi_skip_tracking":false},"aioseo_notices":[],"_links":{"self":[{"href":"https:\/\/salfai.com\/index.php?rest_route=\/wp\/v2\/pages\/1161"}],"collection":[{"href":"https:\/\/salfai.com\/index.php?rest_route=\/wp\/v2\/pages"}],"about":[{"href":"https:\/\/salfai.com\/index.php?rest_route=\/wp\/v2\/types\/page"}],"author":[{"embeddable":true,"href":"https:\/\/salfai.com\/index.php?rest_route=\/wp\/v2\/users\/1"}],"replies":[{"embeddable":true,"href":"https:\/\/salfai.com\/index.php?rest_route=%2Fwp%2Fv2%2Fcomments&post=1161"}],"version-history":[{"count":3,"href":"https:\/\/salfai.com\/index.php?rest_route=\/wp\/v2\/pages\/1161\/revisions"}],"predecessor-version":[{"id":1484,"href":"https:\/\/salfai.com\/index.php?rest_route=\/wp\/v2\/pages\/1161\/revisions\/1484"}],"wp:attachment":[{"href":"https:\/\/salfai.com\/index.php?rest_route=%2Fwp%2Fv2%2Fmedia&parent=1161"}],"curies":[{"name":"wp","href":"https:\/\/api.w.org\/{rel}","templated":true}]}}

SOBRE NÓS

<p class="has-text-align-center has-black-color has-text-color"></p>



<p class="has-text-align-left has-black-color has-text-color"><strong><em>QUEM SOMOS?</em></strong></p>



<p class="has-black-color has-text-color">Equipa com vários anos de experiência na área da Construção Civil, Administração de Condomínios, Mediação Imobiliária e gestão de arrendamentos que se apresenta através de profissionais rigorosos e competentes, que tem como principal Área de ação a zona de Aveiro.</p>



<p class="has-black-color has-text-color"><strong>MISSÃO</strong></p>



<p class="has-black-color has-text-color">Empenho no cuidado e rigor da oferta ao cliente e procura de soluções personalizadas e à medida das suas necessidades, no que diz respeito à administração de condomínios, à gestão de arrendamentos e à mediação imobiliária.</p>



<p class="has-black-color has-text-color"><strong>VISÃO</strong></p>



<p class="has-black-color has-text-color">A Salfai procura estar entre os melhores a atingir um estatuto de referência relativamente à Administração de Condomínios e à gestão de arrendamentos, no distrito de Aveiro.</p>

<p>QUEM SOMOS? Equipa com vários anos de experiência na área da Construção Civil, Administração de Condomínios, Mediação Imobiliária e gestão de arrendamentos que se apresenta através de profissionais rigorosos e competentes, que tem como principal Área de ação a zona de Aveiro. MISSÃO Empenho no cuidado e rigor da oferta ao cliente e procura de &hellip; <a href="https://salfai.com/?page_id=1161" class="more-link">Continue reading <span class="screen-reader-text">SOBRE NÓS</span></a></p>
