{"id":1190,"date":"2023-06-23T13:53:09","date_gmt":"2023-06-23T13:53:09","guid":{"rendered":"https:\/\/salfai.com\/?page_id=1190"},"modified":"2023-06-23T14:29:47","modified_gmt":"2023-06-23T14:29:47","slug":"gestao-de-arrendamentos","status":"publish","type":"page","link":"https:\/\/salfai.com\/?page_id=1190","title":{"rendered":"GEST\u00c3O DE ARRENDAMENTOS"},"content":{"rendered":"\n<p class=\"has-black-color has-text-color\"><\/p>\n\n\n\n<p class=\"has-black-color has-text-color\">A SALFAI apresenta um vasto leque de servi\u00e7os que lhe permite assumir, com todo o rigor, a gest\u00e3o do arrendamento do seu im\u00f3vel ou empreendimento. O nosso foco \u00e9 oferecer-lhe uma solu\u00e7\u00e3o personalizada e perfeitamente adaptada a si, independentemente do im\u00f3vel que tenha para arrendar.<\/p>\n\n\n\n<p class=\"has-black-color has-text-color\">\u279c Registo do contrato de arrendamento (Via Portal das Finan\u00e7as)<br>\u279c Emiss\u00e3o de recibos eletr\u00f3nicos (Via Portal das Finan\u00e7as)<br>\u279c Gest\u00e3o de Cobran\u00e7as<br>\u279c Atualiza\u00e7\u00e3o Anual da renda (Com comunica\u00e7\u00e3o com AR)<br>\u279c Apoio Fiscal<br>\u279c Envio de contas correntes<br>\u279c Vistoria Peri\u00f3dica ao Im\u00f3vel<br>\u279c Gest\u00e3o da Rela\u00e7\u00e3o com os Inquilinos<br>\u279c Gest\u00e3o de obras e repara\u00e7\u00f5es<br>\u279c Gest\u00e3o de queixas e reclama\u00e7\u00f5es<br>\u279c Representa\u00e7\u00e3o em reuni\u00f5es de condom\u00ednio.<\/p>\n\n\n\n<p><\/p>\n\n\n\n<p><\/p>\n","protected":false},"excerpt":{"rendered":"<p>A SALFAI apresenta um vasto leque de servi\u00e7os que lhe permite assumir, com todo o rigor, a gest\u00e3o do arrendamento do seu im\u00f3vel ou empreendimento. O nosso foco \u00e9 oferecer-lhe uma solu\u00e7\u00e3o personalizada e perfeitamente adaptada a si, independentemente do im\u00f3vel que tenha para arrendar. \u279c Registo do contrato de arrendamento (Via Portal das Finan\u00e7as)\u279c &hellip; <a href=\"https:\/\/salfai.com\/?page_id=1190\" class=\"more-link\">Continue reading <span class=\"screen-reader-text\">GEST\u00c3O DE ARRENDAMENTOS<\/span><\/a><\/p>\n","protected":false},"author":1,"featured_media":0,"parent":0,"menu_order":0,"comment_status":"closed","ping_status":"closed","template":"templates\/full-width-page.php","meta":{"om_disable_all_campaigns":false,"_mi_skip_tracking":false},"aioseo_notices":[],"_links":{"self":[{"href":"https:\/\/salfai.com\/index.php?rest_route=\/wp\/v2\/pages\/1190"}],"collection":[{"href":"https:\/\/salfai.com\/index.php?rest_route=\/wp\/v2\/pages"}],"about":[{"href":"https:\/\/salfai.com\/index.php?rest_route=\/wp\/v2\/types\/page"}],"author":[{"embeddable":true,"href":"https:\/\/salfai.com\/index.php?rest_route=\/wp\/v2\/users\/1"}],"replies":[{"embeddable":true,"href":"https:\/\/salfai.com\/index.php?rest_route=%2Fwp%2Fv2%2Fcomments&post=1190"}],"version-history":[{"count":6,"href":"https:\/\/salfai.com\/index.php?rest_route=\/wp\/v2\/pages\/1190\/revisions"}],"predecessor-version":[{"id":1479,"href":"https:\/\/salfai.com\/index.php?rest_route=\/wp\/v2\/pages\/1190\/revisions\/1479"}],"wp:attachment":[{"href":"https:\/\/salfai.com\/index.php?rest_route=%2Fwp%2Fv2%2Fmedia&parent=1190"}],"curies":[{"name":"wp","href":"https:\/\/api.w.org\/{rel}","templated":true}]}}